{"id":35,"date":"2013-12-23T18:00:41","date_gmt":"2013-12-23T17:00:41","guid":{"rendered":"http:\/\/www.blasorchester-dresden.de\/?page_id=35"},"modified":"2024-12-03T20:09:44","modified_gmt":"2024-12-03T19:09:44","slug":"geschichte","status":"publish","type":"page","link":"https:\/\/www.blasorchester-dresden.de\/?page_id=35","title":{"rendered":"Geschichte"},"content":{"rendered":"\n<div class=\"ngg-galleryoverview\" id=\"ngg-gallery-6-35\">\n\n\t<!-- Slideshow link -->\n\t<div class=\"slideshowlink\">\n\t\t<a class=\"slideshowlink\" href=\"https:\/\/www.blasorchester-dresden.de\/?page_id=35&amp;show=slide\">\n\t\t\t\t\t<\/a>\n\t<\/div>\n\n\t\n\t<!-- Thumbnails -->\n\t\t\n\t<div id=\"ngg-image-47\" class=\"ngg-gallery-thumbnail-box\"  >\n\t\t<div class=\"ngg-gallery-thumbnail\" >\n\t\t\t<a href=\"https:\/\/www.blasorchester-dresden.de\/wp-content\/gallery\/geschichte\/projekt18.jpg\" title=\" \" class=\"shutterset_set_6\" >\n\t\t\t\t\t\t\t\t<img loading=\"lazy\" decoding=\"async\" title=\"projekt18\" alt=\"projekt18\" src=\"https:\/\/www.blasorchester-dresden.de\/wp-content\/gallery\/geschichte\/thumbs\/thumbs_projekt18.jpg\" width=\"120\" height=\"90\" \/>\n\t\t\t\t\t\t\t<\/a>\n\t\t<\/div>\n\t<\/div>\n\t\n\t\t\n \t\t\n\t<div id=\"ngg-image-46\" class=\"ngg-gallery-thumbnail-box\"  >\n\t\t<div class=\"ngg-gallery-thumbnail\" >\n\t\t\t<a href=\"https:\/\/www.blasorchester-dresden.de\/wp-content\/gallery\/geschichte\/projekt15.jpg\" title=\" \" class=\"shutterset_set_6\" >\n\t\t\t\t\t\t\t\t<img loading=\"lazy\" decoding=\"async\" title=\"projekt15\" alt=\"projekt15\" src=\"https:\/\/www.blasorchester-dresden.de\/wp-content\/gallery\/geschichte\/thumbs\/thumbs_projekt15.jpg\" width=\"120\" height=\"90\" \/>\n\t\t\t\t\t\t\t<\/a>\n\t\t<\/div>\n\t<\/div>\n\t\n\t\t\n \t\t\n\t<div id=\"ngg-image-45\" class=\"ngg-gallery-thumbnail-box\"  >\n\t\t<div class=\"ngg-gallery-thumbnail\" >\n\t\t\t<a href=\"https:\/\/www.blasorchester-dresden.de\/wp-content\/gallery\/geschichte\/projekt13.jpg\" title=\" \" class=\"shutterset_set_6\" >\n\t\t\t\t\t\t\t\t<img loading=\"lazy\" decoding=\"async\" title=\"projekt13\" alt=\"projekt13\" src=\"https:\/\/www.blasorchester-dresden.de\/wp-content\/gallery\/geschichte\/thumbs\/thumbs_projekt13.jpg\" width=\"120\" height=\"90\" \/>\n\t\t\t\t\t\t\t<\/a>\n\t\t<\/div>\n\t<\/div>\n\t\n\t\t\n \t\t\n\t<div id=\"ngg-image-44\" class=\"ngg-gallery-thumbnail-box\"  >\n\t\t<div class=\"ngg-gallery-thumbnail\" >\n\t\t\t<a href=\"https:\/\/www.blasorchester-dresden.de\/wp-content\/gallery\/geschichte\/1984-09-08_25jahrebmk_03.jpg\" title=\"1984\" class=\"shutterset_set_6\" >\n\t\t\t\t\t\t\t\t<img loading=\"lazy\" decoding=\"async\" title=\"1984-09-08_25jahrebmk_03\" alt=\"1984-09-08_25jahrebmk_03\" src=\"https:\/\/www.blasorchester-dresden.de\/wp-content\/gallery\/geschichte\/thumbs\/thumbs_1984-09-08_25jahrebmk_03.jpg\" width=\"120\" height=\"90\" \/>\n\t\t\t\t\t\t\t<\/a>\n\t\t<\/div>\n\t<\/div>\n\t\n\t\t\n \t\t\n\t<div id=\"ngg-image-43\" class=\"ngg-gallery-thumbnail-box\"  >\n\t\t<div class=\"ngg-gallery-thumbnail\" >\n\t\t\t<a href=\"https:\/\/www.blasorchester-dresden.de\/wp-content\/gallery\/geschichte\/1984-09-08_25jahrebmk_02.jpg\" title=\"25 Jahre \" class=\"shutterset_set_6\" >\n\t\t\t\t\t\t\t\t<img loading=\"lazy\" decoding=\"async\" title=\"1984-09-08_25jahrebmk_02\" alt=\"1984-09-08_25jahrebmk_02\" src=\"https:\/\/www.blasorchester-dresden.de\/wp-content\/gallery\/geschichte\/thumbs\/thumbs_1984-09-08_25jahrebmk_02.jpg\" width=\"120\" height=\"90\" \/>\n\t\t\t\t\t\t\t<\/a>\n\t\t<\/div>\n\t<\/div>\n\t\n\t\t\n \t\t\n\t<div id=\"ngg-image-42\" class=\"ngg-gallery-thumbnail-box\"  >\n\t\t<div class=\"ngg-gallery-thumbnail\" >\n\t\t\t<a href=\"https:\/\/www.blasorchester-dresden.de\/wp-content\/gallery\/geschichte\/1981_x-pateitag_zeitungsartikel.jpg\" title=\"Zeitungsartikel 1981\" class=\"shutterset_set_6\" >\n\t\t\t\t\t\t\t\t<img loading=\"lazy\" decoding=\"async\" title=\"1981_x-pateitag_zeitungsartikel\" alt=\"1981_x-pateitag_zeitungsartikel\" src=\"https:\/\/www.blasorchester-dresden.de\/wp-content\/gallery\/geschichte\/thumbs\/thumbs_1981_x-pateitag_zeitungsartikel.jpg\" width=\"120\" height=\"90\" \/>\n\t\t\t\t\t\t\t<\/a>\n\t\t<\/div>\n\t<\/div>\n\t\n\t\t\n \t\t\n\t<div id=\"ngg-image-37\" class=\"ngg-gallery-thumbnail-box\"  >\n\t\t<div class=\"ngg-gallery-thumbnail\" >\n\t\t\t<a href=\"https:\/\/www.blasorchester-dresden.de\/wp-content\/gallery\/geschichte\/1971_gm_liste.jpg\" title=\" \" class=\"shutterset_set_6\" >\n\t\t\t\t\t\t\t\t<img loading=\"lazy\" decoding=\"async\" title=\"Gr\u00fcndungsmitglieder\" alt=\"Gr\u00fcndungsmitglieder\" src=\"https:\/\/www.blasorchester-dresden.de\/wp-content\/gallery\/geschichte\/thumbs\/thumbs_1971_gm_liste.jpg\" width=\"120\" height=\"90\" \/>\n\t\t\t\t\t\t\t<\/a>\n\t\t<\/div>\n\t<\/div>\n\t\n\t\t\n \t \t\n\t<!-- Pagination -->\n \t<div class=\"ngg-clear\"><\/div> \t\n<\/div>\n\n\n<p>Gegr\u00fcndet wurde unser Verein 1971 als Blasorchester der Bauarbeiter im VEB Bau- und\u00a0\u00a0Montagekombinat Kohle und Energie. Der Tr\u00e4gerbetrieb BMK Tiefbau Dresden \u00fcbernimmt alle Kosten f\u00fcr die Anschaffung der Musikinstrumente, Noten und Orchesterkleidung, die Ausbildung von Instrumentalisten und Kosten f\u00fcr alle Proben und Eins\u00e4tze. Auf Grundlage eines Patenschaftsvertrages \u00fcbernehmen Berufsmusiker des Standortorchesters des MDI die Ausbildung der Musikinteressierten.<\/p>\n<ul>\n<li>Der erste Auftritt des gesamten Orchesters erfolgte im November 1972 anl\u00e4sslich einer Betriebsfeier.<\/li>\n<li>Ab 1975 erfolgten Auftritte auf Veranstaltungen auch au\u00dferhalb des BMK.<\/li>\n<li>Die Teilnahme an Leistungsvergleichen erfolgte ab 1977.\u00a0 Schon im Folgejahr wurde das Blasorchester in die \u201eOberstufe-sehr gut\u201c eingestuft.<\/li>\n<li>Mit der politischen Wende 1989 entfiel die bisher gro\u00dfz\u00fcgige finanzielle Unterst\u00fctzung durch den Tr\u00e4gerbetrieb.<\/li>\n<li>Am 17. September 1990 lie\u00dfen wir uns als gemeinn\u00fctziger Verein ins Vereinsregister (Vereinsregister Nr.293) unter dem Namen \u201eBlasorchester Dresden e. V.\u201c eintragen.<\/li>\n<li>1991 \u00e4nderten wir unseren Vereinsnamen und sind jetzt den Dresdnern und ihren G\u00e4sten als \u201eMusikverein Dresden 71 e.V.\u201c bekannt.<\/li>\n<li>Seit 1991 ist unser Verein ein aktives Mitglied im S\u00e4chsischen Blasmusikverband e. V.<\/li>\n<li>Zum Freundschaftstreffen musizierten wir 1993 gemeinsam mit dem Spandauer Blasorchester am Wannsee zum Pfingstkonzert.<\/li>\n<li>Im Oktober 1994 f\u00fchrte unser Verein das 4. Osts\u00e4chsische Blasmusiktreffen in Dresden durch.<\/li>\n<li>1995 besuchten wir das Internationale Blasmusikfest in Bautzen.<\/li>\n<li>1996 erfolgte das Gemeinschaftskonzert mit dem Blasorchester N\u00fcnchritz und dem Bergmannsorchester Mojavak aus Karvina (CR).<\/li>\n<li>Unser Jubil\u00e4umskonzert anl\u00e4sslich des 25j\u00e4hrigen Bestehens fand im Kongresssaal des Hygienemuseums statt.<\/li>\n<li>Zum Thumer Orchestertreff 1996 wurde unser Verein mit dem h\u00f6chsten Pr\u00e4dikat \u201eOberstufe \u2013 Ausgezeichnet\u201c bewertet.<\/li>\n<li>Im Juli 1997 fuhren wir zum Gefreeser Wiesenfest.<\/li>\n<li>1999 begeben wir uns ins Tonstudio und nehmen unsere erste CD auf: \u201eSachsens Glanz und Gloria\u201c<\/li>\n<li>Bei einem Wertungsspiel in Oelsnitz-Neuw\u00fcrschnitz im Juli 2000 erhielten wir das Pr\u00e4dikat \u201eOberstufe \u2013 sehr gut\u201c.<\/li>\n<li>Unerwartet kam unser Auftritt bei \u201eWetten dass &#8230;?\u201c\u00a0 als Wetteinsatz f\u00fcr Paul McCartney.<\/li>\n<li>2001 besuchte uns das Franticzek-Kmoch-Orchester Kolin und unterst\u00fctze uns bei unserem Konzert zum 30j\u00e4hrigen Jubil\u00e4um im Plenarsaal des Dresdner Rathauses.<\/li>\n<li>Der Gegenbesuch erfolgte 2003 anl\u00e4sslich des Kmoch-Festivals in Kolin.<\/li>\n<li>Unser erstes Konzert 2006 war ein Fr\u00fchschoppen wir auf der Leipziger Rennbahn Scheibenholz.<\/li>\n<li>Anl\u00e4sslich der Dresdner Musikfestspiele traten wir im Programm von \u201eDresden singt und musiziert\u201c auf.<\/li>\n<li>Im August 2008\u00a0 nahmen wir am Festumzug zur 800 Jahrfeier der Stadt Dresden teil.<\/li>\n<li>Im September 2009 nahmen wir zusammen mit anderen Orchestern an der Einweihungsfeier des Dynamo Dresden Stadions teil.<\/li>\n<li>Zum Internationalen Weinfest nach Moor (Ungarn) fuhren wir im Oktober 2012<\/li>\n<li>Im Mai 2013 waren wir Teilnehmer am Deutschen Musikfest in Chemnitz. Dort erreichten wir das Pr\u00e4dikat &#8222;Gut&#8220;.<\/li>\n<li>Im Juni 2015 Spielte das St\u00e4ndchenquartett zum feierlichen Abschied der letzten Einfahrt des EC 175 im Hauptbahnhof Dresden.<\/li>\n<\/ul>\n","protected":false},"excerpt":{"rendered":"<p>Gegr\u00fcndet wurde unser Verein 1971 als Blasorchester der Bauarbeiter im VEB Bau- und\u00a0\u00a0Montagekombinat Kohle und Energie. Der Tr\u00e4gerbetrieb BMK Tiefbau Dresden \u00fcbernimmt alle Kosten f\u00fcr [&#8230;]<\/p>\n","protected":false},"author":1,"featured_media":0,"parent":0,"menu_order":0,"comment_status":"closed","ping_status":"closed","template":"","meta":{"footnotes":""},"_links":{"self":[{"href":"https:\/\/www.blasorchester-dresden.de\/index.php?rest_route=\/wp\/v2\/pages\/35"}],"collection":[{"href":"https:\/\/www.blasorchester-dresden.de\/index.php?rest_route=\/wp\/v2\/pages"}],"about":[{"href":"https:\/\/www.blasorchester-dresden.de\/index.php?rest_route=\/wp\/v2\/types\/page"}],"author":[{"embeddable":true,"href":"https:\/\/www.blasorchester-dresden.de\/index.php?rest_route=\/wp\/v2\/users\/1"}],"replies":[{"embeddable":true,"href":"https:\/\/www.blasorchester-dresden.de\/index.php?rest_route=%2Fwp%2Fv2%2Fcomments&post=35"}],"version-history":[{"count":16,"href":"https:\/\/www.blasorchester-dresden.de\/index.php?rest_route=\/wp\/v2\/pages\/35\/revisions"}],"predecessor-version":[{"id":2528,"href":"https:\/\/www.blasorchester-dresden.de\/index.php?rest_route=\/wp\/v2\/pages\/35\/revisions\/2528"}],"wp:attachment":[{"href":"https:\/\/www.blasorchester-dresden.de\/index.php?rest_route=%2Fwp%2Fv2%2Fmedia&parent=35"}],"curies":[{"name":"wp","href":"https:\/\/api.w.org\/{rel}","templated":true}]}}